Dec 01 10:28:20.069 INFO testing make-a-demo-tool-in-rust/fish-in-a-jit against master#8940af3cea4a9a9deabcaf843b2f8cad9a83fc61 for beta-1.31-5
Dec 01 10:28:20.070 INFO running `"docker" "create" "-v" "/mnt/big/crater/work/local/target-dirs/beta-1.31-5/worker-0/master#8940af3cea4a9a9deabcaf843b2f8cad9a83fc61:/target:rw,Z" "-v" "/mnt/big/crater/work/local/test-source/worker-0/beta-1.31-5/master#8940af3cea4a9a9deabcaf843b2f8cad9a83fc61:/source:ro,Z" "-v" "/mnt/big/crater/work/local/cargo-home:/cargo-home:ro,Z" "-v" "/mnt/big/crater/work/local/rustup-home:/rustup-home:ro,Z" "-e" "USER_ID=1000" "-e" "SOURCE_DIR=/source" "-e" "USER_ID=1000" "-e" "CMD=cargo +8940af3cea4a9a9deabcaf843b2f8cad9a83fc61-alt build --frozen" "-e" "CARGO_TARGET_DIR=/target" "-e" "CARGO_INCREMENTAL=0" "-e" "RUST_BACKTRACE=full" "-e" "RUSTFLAGS=--cap-lints=warn" "-e" "CARGO_HOME=/cargo-home" "-e" "RUSTUP_HOME=/rustup-home" "-m" "1536M" "--network" "none" "crater"`
Dec 01 10:28:20.220 INFO [stdout] da7fb2c407b1a8c8bde9d8690d77482319044a72d68eff20a3d186ccbfe3ec1f
Dec 01 10:28:20.222 INFO running `"docker" "start" "-a" "da7fb2c407b1a8c8bde9d8690d77482319044a72d68eff20a3d186ccbfe3ec1f"`
Dec 01 10:28:20.565 INFO [stderr] usermod: no changes
Dec 01 10:28:20.654 INFO [stderr]    Compiling memchr v0.1.11
Dec 01 10:28:20.654 INFO [stderr]    Compiling serde_yaml v0.6.2
Dec 01 10:28:20.654 INFO [stderr]    Compiling serde_codegen_internals v0.14.2
Dec 01 10:28:20.654 INFO [stderr]    Compiling thread-id v2.0.0
Dec 01 10:28:20.962 INFO [stderr]    Compiling thread_local v0.2.7
Dec 01 10:28:21.087 INFO [stderr]    Compiling aho-corasick v0.5.3
Dec 01 10:28:22.508 INFO [stderr]    Compiling regex v0.1.80
Dec 01 10:28:22.884 INFO [stderr]    Compiling serde_derive v0.9.12
Dec 01 10:28:30.199 INFO [stderr]    Compiling env_logger v0.3.5
Dec 01 10:28:32.203 INFO [stderr]    Compiling fish_in_a_jit v0.1.0 (/source)
Dec 01 10:28:32.751 INFO [stderr] error[E0554]: #![feature] may not be used on the beta release channel
Dec 01 10:28:32.751 INFO [stderr]  --> src/lib.rs:1:1
Dec 01 10:28:32.751 INFO [stderr]   |
Dec 01 10:28:32.751 INFO [stderr] 1 | #![feature(link_llvm_intrinsics)]
Dec 01 10:28:32.751 INFO [stderr]   | ^^^^^^^^^^^^^^^^^^^^^^^^^^^^^^^^^
Dec 01 10:28:32.751 INFO [stderr] 
Dec 01 10:28:32.751 INFO [stderr] error[E0554]: #![feature] may not be used on the beta release channel
Dec 01 10:28:32.751 INFO [stderr]  --> src/lib.rs:2:1
Dec 01 10:28:32.751 INFO [stderr]   |
Dec 01 10:28:32.751 INFO [stderr] 2 | #![feature(abi_sysv64)]
Dec 01 10:28:32.751 INFO [stderr]   | ^^^^^^^^^^^^^^^^^^^^^^^
Dec 01 10:28:32.751 INFO [stderr] 
Dec 01 10:28:32.751 INFO [stderr] error[E0554]: #![feature] may not be used on the beta release channel
Dec 01 10:28:32.751 INFO [stderr]  --> src/lib.rs:3:1
Dec 01 10:28:32.751 INFO [stderr]   |
Dec 01 10:28:32.751 INFO [stderr] 3 | #![feature(try_from)]
Dec 01 10:28:32.751 INFO [stderr]   | ^^^^^^^^^^^^^^^^^^^^^
Dec 01 10:28:32.751 INFO [stderr] 
Dec 01 10:28:32.751 INFO [stderr] error: aborting due to 3 previous errors
Dec 01 10:28:32.751 INFO [stderr] 
Dec 01 10:28:32.751 INFO [stderr] For more information about this error, try `rustc --explain E0554`.
Dec 01 10:28:32.755 INFO [stderr] error: Could not compile `fish_in_a_jit`.
Dec 01 10:28:32.755 INFO [stderr] 
Dec 01 10:28:32.755 INFO [stderr] To learn more, run the command again with --verbose.
Dec 01 10:28:32.755 INFO [stderr] su: No module specific data is present
Dec 01 10:28:33.976 INFO running `"docker" "inspect" "da7fb2c407b1a8c8bde9d8690d77482319044a72d68eff20a3d186ccbfe3ec1f"`
Dec 01 10:28:34.300 INFO running `"docker" "rm" "-f" "da7fb2c407b1a8c8bde9d8690d77482319044a72d68eff20a3d186ccbfe3ec1f"`
Dec 01 10:28:34.635 INFO [stdout] da7fb2c407b1a8c8bde9d8690d77482319044a72d68eff20a3d186ccbfe3ec1f
